{"id":299,"date":"2022-01-25T11:07:46","date_gmt":"2022-01-25T10:07:46","guid":{"rendered":"https:\/\/etreetvitalite.com\/?page_id=299"},"modified":"2022-10-30T19:07:14","modified_gmt":"2022-10-30T18:07:14","slug":"cgv","status":"publish","type":"page","link":"https:\/\/etreetvitalite.com\/index.php\/cgv\/","title":{"rendered":"CGV"},"content":{"rendered":"\t\t<div data-elementor-type=\"wp-page\" data-elementor-id=\"299\" class=\"elementor elementor-299\">\n\t\t\t\t\t\t\t\t\t<section class=\"elementor-section elementor-top-section elementor-element elementor-element-2c53631 elementor-section-boxed elementor-section-height-default elementor-section-height-default\" data-id=\"2c53631\" data-element_type=\"section\">\n\t\t\t\t\t\t<div class=\"elementor-container elementor-column-gap-default\">\n\t\t\t\t\t<div class=\"elementor-column elementor-col-100 elementor-top-column elementor-element elementor-element-0ba53ae\" data-id=\"0ba53ae\" data-element_type=\"column\">\n\t\t\t<div class=\"elementor-widget-wrap elementor-element-populated\">\n\t\t\t\t\t\t\t\t<div class=\"elementor-element elementor-element-4af9d6d elementor-widget elementor-widget-text-editor\" data-id=\"4af9d6d\" data-element_type=\"widget\" data-widget_type=\"text-editor.default\">\n\t\t\t\t<div class=\"elementor-widget-container\">\n\t\t\t<style>\/*! elementor - v3.16.0 - 17-10-2023 *\/\n.elementor-widget-text-editor.elementor-drop-cap-view-stacked .elementor-drop-cap{background-color:#69727d;color:#fff}.elementor-widget-text-editor.elementor-drop-cap-view-framed .elementor-drop-cap{color:#69727d;border:3px solid;background-color:transparent}.elementor-widget-text-editor:not(.elementor-drop-cap-view-default) .elementor-drop-cap{margin-top:8px}.elementor-widget-text-editor:not(.elementor-drop-cap-view-default) .elementor-drop-cap-letter{width:1em;height:1em}.elementor-widget-text-editor .elementor-drop-cap{float:left;text-align:center;line-height:1;font-size:50px}.elementor-widget-text-editor .elementor-drop-cap-letter{display:inline-block}<\/style>\t\t\t\t<p>\u00a0<\/p><p>En validant sa commande ou sa facture, le Client d\u00e9clare accepter sans r\u00e9serve les termes de ladite commande, facture ainsi que l\u2019int\u00e9gralit\u00e9 des pr\u00e9sentes conditions g\u00e9n\u00e9rales de vente.<\/p><ul><li><strong>Article 1 \u2013 Objet<\/strong><\/li><\/ul><p>Le pr\u00e9sent contrat a pour objet la vente pour le particulier et le professionnel\u00a0: prestations de services\u00a0: coaching, ateliers, stages, s\u00e9ances en \u00e9nerg\u00e9tiques, vente de produits compl\u00e9ments alimentaires.<\/p><ul><li><strong>Article 2 \u2013 Dur\u00e9e<\/strong><\/li><\/ul><p>Le Client pourra b\u00e9n\u00e9ficier aux prestations de service qu\u2019il aura pr\u00e9alablement r\u00e9gler et seront valables pendant une dur\u00e9e de douze mois \u00e0 partir de la date de facture.<br \/>L\u2019int\u00e9gralit\u00e9 des services devra \u00eatre consomm\u00e9e pendant la p\u00e9riode des douze mois vis\u00e9e ci-dessus, tout remboursement \u00e9tant exclu.<\/p><p>Le client pourra compl\u00e9ter \u00e0 tout moment un ou des services en cours, cela inclura une nouvelle facture pour les nouveaux services,\u00a0 pour lesquels la dur\u00e9e de consommation sera \u00e9galement de 12 mois \u00e0 partir de la date de la nouvelle facture.<\/p><ul><li><strong>Article 4 \u2013 Tarifs et modes de r\u00e8glement<\/strong><\/li><\/ul><p><strong>Les tarifs <\/strong>sont pr\u00e9cis\u00e9s\u00a0 sur le site web etreetvitalite.com, mais peuvent changer en cours d\u2019ann\u00e9e. Les tarifs sur la facture restent ceux applicables pour les prestations choisies.<\/p><p>Un tarif sp\u00e9cifique peut \u00eatre appliqu\u00e9 \u00e0 destination des entreprises par devis ou directement par facture.<br \/>Aucun escompte ne sera consenti en cas de paiement anticip\u00e9.<\/p><p><strong>Modes de r\u00e8glement \u00a0propos\u00e9s : <\/strong><\/p><ul><li>Esp\u00e8ces<\/li><li>ch\u00e8que libell\u00e9 \u00e0 l\u2019ordre de Be &amp; Vitality ou Schwemmer Brigitte<\/li><li>Virement bancaire sur le compte IBAN indiqu\u00e9 sur la facture<\/li><\/ul><p><strong>\u00a0TVA non applicable, article 293 B du CGI<\/strong> .<\/p><ul><li><strong>Article 5 \u2013 R\u00e9siliation et \u00a0demande de remboursement <\/strong><\/li><\/ul><p>Toute r\u00e9siliation peut se faire avant que la ou les prestations auront d\u00e9but\u00e9es\u00a0:<\/p><ul><li>Pour le particulier\u00a0: envoi de la demande d\u2019annulation de la commande ou de la facture par mail ou par courrier dans les 5 jours ouvrables avant la date du premier rendez-vous. Les arrhes pour ateliers et stages seront non rembours\u00e9s.<\/li><li>Tout rendez-vous individuel pris par le particulier, devra \u00eatre annul\u00e9 au moins 24\/48h avant la date du rendez-vous, en cas d\u2019un rendez-vous non annul\u00e9 dans les d\u00e9lais, un forfait de 25\u20ac sera demand\u00e9.<\/li><li>Pour le professionnel, les soci\u00e9t\u00e9s\u00a0: la demande d\u2019annulation ou remboursement sera demand\u00e9 par courrier recommand\u00e9 dans les 5 jours ouvrables avant le premier rendez-vous. Toute prestation commenc\u00e9e annule la possibilit\u00e9 de remboursement du restant des prestations non consomm\u00e9s. Tout acompte\/arrhes 30% ne seront pas rembours\u00e9s.<\/li><\/ul><p>En cas de violation par le Client de l\u2019une de ses obligations essentielles, la micro entreprise Be &amp; Vitality repr\u00e9sent\u00e9e par\u00a0 Mme Schwemmer Brigitte se r\u00e9serve la possibilit\u00e9 de suspendre imm\u00e9diatement et de plein droit les Services et\/ou de r\u00e9silier le contrat d\u00e9taill\u00e9 sur la commande, facture en cas de manquements r\u00e9p\u00e9t\u00e9s\u00a0:<\/p><p>-non-paiement de la ou les factures dans les d\u00e9lais de paiement indiqu\u00e9s sur la facture ou sur la commande<\/p><p>\u2013 toute annulation(s) de rendez-vous non faits dans un d\u00e9lai de 5 jours ouvrables par mail ou par courrier avant la date de rendez-vous fix\u00e9.<\/p><ul><li><strong>Article 5 \u2013 Force majeure<\/strong><\/li><\/ul><p>La responsabilit\u00e9 de la soci\u00e9t\u00e9\u00a0 Be &amp; Vitality repr\u00e9sent\u00e9e par Mme Schwemmer Brigitte ne pourra pas \u00eatre mise en oeuvre si la non-ex\u00e9cution ou le retard dans l\u2019ex\u00e9cution de l\u2019une de ses obligations d\u00e9crites dans les pr\u00e9sentes conditions g\u00e9n\u00e9rales de vente d\u00e9coule d\u2019un cas de force majeure. \u00c0 ce titre, la force majeure s\u2019entend de tout \u00e9v\u00e9nement ext\u00e9rieur, impr\u00e9visible et irr\u00e9sistible au sens de l\u2019article 1148 du Code civil.<\/p><ul><li><strong>Article 6 \u2013 Droit applicable et juridictions comp\u00e9tentes<\/strong><\/li><\/ul><p>Le pr\u00e9sent contrat est soumis au droit fran\u00e7ais. En cas de contestation portant sur l\u2019application ou l\u2019interpr\u00e9tation de ce contrat, les parties conviennent de rechercher une solution amiable. A d\u00e9faut, les tribunaux du ressort de la cour d\u2019appel de Strasbourg seront seuls comp\u00e9tents.<\/p>\t\t\t\t\t\t<\/div>\n\t\t\t\t<\/div>\n\t\t\t\t\t<\/div>\n\t\t<\/div>\n\t\t\t\t\t\t\t<\/div>\n\t\t<\/section>\n\t\t\t\t\t\t\t<\/div>\n\t\t","protected":false},"excerpt":{"rendered":"<p>En validant sa commande ou sa facture, le Client d\u00e9clare accepter sans r\u00e9serve les termes de ladite commande, facture ainsi que l\u2019int\u00e9gralit\u00e9 des pr\u00e9sentes conditions &hellip;<\/p>\n","protected":false},"author":2,"featured_media":0,"parent":0,"menu_order":0,"comment_status":"closed","ping_status":"closed","template":"","meta":{"footnotes":""},"yoast_head":"<!-- This site is optimized with the Yoast SEO plugin v24.5 - https:\/\/yoast.com\/wordpress\/plugins\/seo\/ -->\n<title>CGV - &nbsp;&nbsp;&nbsp;&nbsp;ETRE &amp; VITALITE<\/title>\n<meta name=\"robots\" content=\"noindex, follow\" \/>\n<meta property=\"og:locale\" content=\"fr_FR\" \/>\n<meta property=\"og:type\" content=\"article\" \/>\n<meta property=\"og:title\" content=\"CGV - &nbsp;&nbsp;&nbsp;&nbsp;ETRE &amp; VITALITE\" \/>\n<meta property=\"og:description\" content=\"En validant sa commande ou sa facture, le Client d\u00e9clare accepter sans r\u00e9serve les termes de ladite commande, facture ainsi que l\u2019int\u00e9gralit\u00e9 des pr\u00e9sentes conditions &hellip;\" \/>\n<meta property=\"og:url\" content=\"https:\/\/etreetvitalite.com\/index.php\/cgv\/\" \/>\n<meta property=\"og:site_name\" content=\"&nbsp;&nbsp;&nbsp;&nbsp;ETRE &amp; VITALITE\" \/>\n<meta property=\"article:modified_time\" content=\"2022-10-30T18:07:14+00:00\" \/>\n<meta name=\"twitter:card\" content=\"summary_large_image\" \/>\n<meta name=\"twitter:label1\" content=\"Dur\u00e9e de lecture estim\u00e9e\" \/>\n\t<meta name=\"twitter:data1\" content=\"4 minutes\" \/>\n<script type=\"application\/ld+json\" class=\"yoast-schema-graph\">{\"@context\":\"https:\/\/schema.org\",\"@graph\":[{\"@type\":\"WebPage\",\"@id\":\"https:\/\/etreetvitalite.com\/index.php\/cgv\/\",\"url\":\"https:\/\/etreetvitalite.com\/index.php\/cgv\/\",\"name\":\"CGV - &nbsp;&nbsp;&nbsp;&nbsp;ETRE &amp; VITALITE\",\"isPartOf\":{\"@id\":\"http:\/\/etreetvitalite.com\/#website\"},\"datePublished\":\"2022-01-25T10:07:46+00:00\",\"dateModified\":\"2022-10-30T18:07:14+00:00\",\"breadcrumb\":{\"@id\":\"https:\/\/etreetvitalite.com\/index.php\/cgv\/#breadcrumb\"},\"inLanguage\":\"fr-FR\",\"potentialAction\":[{\"@type\":\"ReadAction\",\"target\":[\"https:\/\/etreetvitalite.com\/index.php\/cgv\/\"]}]},{\"@type\":\"BreadcrumbList\",\"@id\":\"https:\/\/etreetvitalite.com\/index.php\/cgv\/#breadcrumb\",\"itemListElement\":[{\"@type\":\"ListItem\",\"position\":1,\"name\":\"Accueil\",\"item\":\"http:\/\/etreetvitalite.com\/\"},{\"@type\":\"ListItem\",\"position\":2,\"name\":\"CGV\"}]},{\"@type\":\"WebSite\",\"@id\":\"http:\/\/etreetvitalite.com\/#website\",\"url\":\"http:\/\/etreetvitalite.com\/\",\"name\":\"&nbsp;&nbsp;&nbsp;&nbsp;ETRE &amp; VITALITE\",\"description\":\"PARTICULIERS - ENTREPRISES\",\"publisher\":{\"@id\":\"http:\/\/etreetvitalite.com\/#organization\"},\"potentialAction\":[{\"@type\":\"SearchAction\",\"target\":{\"@type\":\"EntryPoint\",\"urlTemplate\":\"http:\/\/etreetvitalite.com\/?s={search_term_string}\"},\"query-input\":{\"@type\":\"PropertyValueSpecification\",\"valueRequired\":true,\"valueName\":\"search_term_string\"}}],\"inLanguage\":\"fr-FR\"},{\"@type\":\"Organization\",\"@id\":\"http:\/\/etreetvitalite.com\/#organization\",\"name\":\"&nbsp;&nbsp;&nbsp;&nbsp;ETRE &amp; VITALITE\",\"url\":\"http:\/\/etreetvitalite.com\/\",\"logo\":{\"@type\":\"ImageObject\",\"inLanguage\":\"fr-FR\",\"@id\":\"http:\/\/etreetvitalite.com\/#\/schema\/logo\/image\/\",\"url\":\"https:\/\/etreetvitalite.com\/wp-content\/uploads\/2022\/07\/cropped-logo.png\",\"contentUrl\":\"https:\/\/etreetvitalite.com\/wp-content\/uploads\/2022\/07\/cropped-logo.png\",\"width\":381,\"height\":348,\"caption\":\"&nbsp;&nbsp;&nbsp;&nbsp;ETRE &amp; VITALITE\"},\"image\":{\"@id\":\"http:\/\/etreetvitalite.com\/#\/schema\/logo\/image\/\"}}]}<\/script>\n<!-- \/ Yoast SEO plugin. -->","yoast_head_json":{"title":"CGV - &nbsp;&nbsp;&nbsp;&nbsp;ETRE &amp; VITALITE","robots":{"index":"noindex","follow":"follow"},"og_locale":"fr_FR","og_type":"article","og_title":"CGV - &nbsp;&nbsp;&nbsp;&nbsp;ETRE &amp; VITALITE","og_description":"En validant sa commande ou sa facture, le Client d\u00e9clare accepter sans r\u00e9serve les termes de ladite commande, facture ainsi que l\u2019int\u00e9gralit\u00e9 des pr\u00e9sentes conditions &hellip;","og_url":"https:\/\/etreetvitalite.com\/index.php\/cgv\/","og_site_name":"&nbsp;&nbsp;&nbsp;&nbsp;ETRE &amp; VITALITE","article_modified_time":"2022-10-30T18:07:14+00:00","twitter_card":"summary_large_image","twitter_misc":{"Dur\u00e9e de lecture estim\u00e9e":"4 minutes"},"schema":{"@context":"https:\/\/schema.org","@graph":[{"@type":"WebPage","@id":"https:\/\/etreetvitalite.com\/index.php\/cgv\/","url":"https:\/\/etreetvitalite.com\/index.php\/cgv\/","name":"CGV - &nbsp;&nbsp;&nbsp;&nbsp;ETRE &amp; VITALITE","isPartOf":{"@id":"http:\/\/etreetvitalite.com\/#website"},"datePublished":"2022-01-25T10:07:46+00:00","dateModified":"2022-10-30T18:07:14+00:00","breadcrumb":{"@id":"https:\/\/etreetvitalite.com\/index.php\/cgv\/#breadcrumb"},"inLanguage":"fr-FR","potentialAction":[{"@type":"ReadAction","target":["https:\/\/etreetvitalite.com\/index.php\/cgv\/"]}]},{"@type":"BreadcrumbList","@id":"https:\/\/etreetvitalite.com\/index.php\/cgv\/#breadcrumb","itemListElement":[{"@type":"ListItem","position":1,"name":"Accueil","item":"http:\/\/etreetvitalite.com\/"},{"@type":"ListItem","position":2,"name":"CGV"}]},{"@type":"WebSite","@id":"http:\/\/etreetvitalite.com\/#website","url":"http:\/\/etreetvitalite.com\/","name":"&nbsp;&nbsp;&nbsp;&nbsp;ETRE &amp; VITALITE","description":"PARTICULIERS - ENTREPRISES","publisher":{"@id":"http:\/\/etreetvitalite.com\/#organization"},"potentialAction":[{"@type":"SearchAction","target":{"@type":"EntryPoint","urlTemplate":"http:\/\/etreetvitalite.com\/?s={search_term_string}"},"query-input":{"@type":"PropertyValueSpecification","valueRequired":true,"valueName":"search_term_string"}}],"inLanguage":"fr-FR"},{"@type":"Organization","@id":"http:\/\/etreetvitalite.com\/#organization","name":"&nbsp;&nbsp;&nbsp;&nbsp;ETRE &amp; VITALITE","url":"http:\/\/etreetvitalite.com\/","logo":{"@type":"ImageObject","inLanguage":"fr-FR","@id":"http:\/\/etreetvitalite.com\/#\/schema\/logo\/image\/","url":"https:\/\/etreetvitalite.com\/wp-content\/uploads\/2022\/07\/cropped-logo.png","contentUrl":"https:\/\/etreetvitalite.com\/wp-content\/uploads\/2022\/07\/cropped-logo.png","width":381,"height":348,"caption":"&nbsp;&nbsp;&nbsp;&nbsp;ETRE &amp; VITALITE"},"image":{"@id":"http:\/\/etreetvitalite.com\/#\/schema\/logo\/image\/"}}]}},"_links":{"self":[{"href":"https:\/\/etreetvitalite.com\/index.php\/wp-json\/wp\/v2\/pages\/299"}],"collection":[{"href":"https:\/\/etreetvitalite.com\/index.php\/wp-json\/wp\/v2\/pages"}],"about":[{"href":"https:\/\/etreetvitalite.com\/index.php\/wp-json\/wp\/v2\/types\/page"}],"author":[{"embeddable":true,"href":"https:\/\/etreetvitalite.com\/index.php\/wp-json\/wp\/v2\/users\/2"}],"replies":[{"embeddable":true,"href":"https:\/\/etreetvitalite.com\/index.php\/wp-json\/wp\/v2\/comments?post=299"}],"version-history":[{"count":14,"href":"https:\/\/etreetvitalite.com\/index.php\/wp-json\/wp\/v2\/pages\/299\/revisions"}],"predecessor-version":[{"id":1803,"href":"https:\/\/etreetvitalite.com\/index.php\/wp-json\/wp\/v2\/pages\/299\/revisions\/1803"}],"wp:attachment":[{"href":"https:\/\/etreetvitalite.com\/index.php\/wp-json\/wp\/v2\/media?parent=299"}],"curies":[{"name":"wp","href":"https:\/\/api.w.org\/{rel}","templated":true}]}}